hat is the highest common factor of 32 and g?
4
Suppose 3*w - 560 = -5*f, -3*w + 8*w + f = 970. Let t = -34480 + 34610. What is the greatest common divisor of t and w?
65
Let o be 25958619/1337 + 4/(-7). Calculate the highest common factor of o and 1059.
353
Let w be (-90)/27*(-405)/18. What is the highest common divisor of 1065 and w?
15
Let p(t) = t**2 + 34*t + 345. Let w be p(-19). Calculate the greatest common factor of w and 324.
12
Suppose 0 = 2*b - 38 + 32. Suppose q - 51 = -3*c, 4*q + 21 + 15 = b*c. Let s = 126 - c. What is the greatest common divisor of s and 22?
22
Let k be (-8)/28 + (-1600)/(-14). Let a = k + -37. Suppose 5*x = -3*d - d + 101, -4*x + a = 3*d. What is the highest common divisor of d and 209?
19
Suppose 6*r - 5*r = 2*w - 95, 4*r = 4. Suppose 15*u - w = 13*u. What is the greatest common divisor of 18 and u?
6
Suppose 5*x - 4*k - 239 = 0, -3 = 2*k - 1. Suppose -x = -b + 42. Let o = 87 + b. What is the highest common factor of o and 16?
16
Let g be (3470/35)/((-2)/14). Let v = -406 - g. What is the highest common factor of v and 252?
36
Let f(y) = -3*y - 3. Let w = -75 - -95. Suppose -3*a = -2*m + 5, -4*a - w = m - a. Let s be f(m). Calculate the highest common factor of 16 and s.
4
Let q = 99 - 95. Let w be 0 - ((q - 6) + -4). Suppose -k - k = -w. What is the highest common divisor of k and 2?
1
Suppose 2*p - 1339 + 260 = -5*w, -4*p + 5*w + 2233 = 0. Suppose -5*x + 2*i = -363, -5*x + 981*i = 980*i - 354. Calculate the highest common divisor of x and p.
69
Let d be (-25)/(((-4)/(-30))/(-19 + 13)). Calculate the highest common factor of 1575 and d.
225
Let o = 7043 - 6863. What is the greatest common divisor of 100 and o?
20
Let h be 10/3 + (-148)/(-222). Let g be (-2)/6*6*-8. What is the highest common factor of g and h?
4
Suppose 0*f + 2*r - 39 = -5*f, 0 = -4*r + 8. Let o = 177 - 169. Suppose o*s = s + 196. Calculate the highest common divisor of s and f.
7
Suppose 4*f = -2*k + 8018, -4591*f = -4589*f - k - 4019. What is the highest common divisor of 27 and f?
9
Suppose -92 = 4*a + 160. Let p be 294/a*(0 - 9). Calculate the greatest common divisor of p and 14.
14
Let w(y) = -y**2 - 18*y - 59. Let k be w(-11). Suppose s - 81 = -k. What is the greatest common divisor of s and 84?
21
Suppose 55787 - 260420 = -163*q - 188*q. What is the greatest common factor of q and 231?
11
Suppose -6 = -f + 6. Let t(v) = -14*v - 9*v + f - 1 + 6 + 3*v**2. Let a be t(8). What is the greatest common factor of 15 and a?
5
Let k = -4 + -40. Let w = 44 + k. Suppose w = -3*j - 10 + 130. Calculate the greatest common divisor of 100 and j.
20
Suppose -z = 2, 1 + 7 = -4*y - 4*z. Suppose 34 + 13 = 5*m + 3*t, -5*m + 4*t + 19 = y. What is the greatest common factor of m and 1?
1
Suppose -y - y - 3*z = -89, 4*y + 5*z = 181. Suppose -2*m + 141 + 41 = 0. Suppose 15*s - m = 2*s. Calculate the highest common divisor of s and y.
7
Let w(j) = -j**3 + 56*j**2 - 528*j + 7. Let s be w(44). What is the highest common divisor of s and 581?
7
Let c = 2 + -4. Let p = -47 - -51. Let u be 1/p*c*-22. Calculate the greatest common factor of 11 and u.
11
Let y(v) = 68 - 62 + 2*v**3 - 7*v**2 + 9*v - 3*v - 5*v**2. Let t be y(6). Calculate the highest common factor of 54 and t.
6
Let g(r) = r**2 - 39*r + 91. Let h be g(2). Calculate the highest common divisor of 221 and h.
17
Suppose 2*u + u = -3*k + 306, -4*k + 3*u + 422 = 0. Let w be 1/(-14)*-4 + k/28. Let y be ((-100)/25)/(1 - 6/w). Calculate the highest common factor of 20 and y.
4
Let b = -4 - -8. Suppose f = b*s - 83, -4*s + 3*f = s - 95. Let h = 19 + 14. Calculate the greatest common divisor of h and s.
11
Suppose 2*u + 4*b - 36 = 0, -2*u + 11 + 43 = b. What is the greatest common factor of 2754 and u?
6
Let k(o) = 38*o**3 + 12*o**2 + 17*o - 138. Let f be k(6). Calculate the highest common divisor of 72 and f.
36
Suppose 4*v = 5*c + 612, -v = -596*c + 591*c - 168. What is the highest common divisor of 222 and v?
74
Let r = 26914 - 26746. Calculate the greatest common divisor of r and 2744.
56
Let n be (-30)/45*(-2145)/110. Calculate the highest common factor of 3562 and n.
13
Suppose 0 = 3*o + 3*s - 810 - 165, 650 = 2*o + s. What is the highest common factor of o and 26?
13
Let d = 82 - 81. Let w(n) = 905*n + 5. Let b be w(d). What is the highest common divisor of b and 35?
35
Suppose 39 - 19 = 5*u. Suppose u*l - 1077 = -249. What is the greatest common factor of 23 and l?
23
Suppose 5*n - x - 500 = 0, 2*n - x + 193 = 4*n. Suppose 2*f - 3*f = -c + 100, 3*c = -2*f - 180. Let d = n + f. Calculate the highest common divisor of 39 and d.
3
Suppose -45*w = 9*w - 65*w + 103092. What is the highest common factor of 132 and w?
132
Suppose -7*a = -0*a. Suppose a*b - 8*b = -88. Suppose 0 = -b*f + 105 + 115. What is the highest common factor of 10 and f?
10
Let f(r) = -r**2 + 21*r - 108. Let a be f(13). Let l = a + 61. Calculate the greatest common divisor of 57 and l.
57
Suppose -20 + 50 = 5*c. Let r be (1*2 - (-28)/(-20))/((-17)/(-680)). Calculate the highest common divisor of r and c.
6
Let s = 20 - 22. Let f(h) = 3*h**2 + 6 - 3*h - 6. Let y be f(s). What is the highest common divisor of y and 6?
6
Let d(j) = -j**2 - 19*j + 32. Let x be d(-12). Let f = 84 + x. Calculate the highest common factor of f and 16.
8
Let b(s) = 7*s - 3. Let k be b(2). Let v = 9 + -9. Suppose 2*m = -v*m + 22. What is the greatest common factor of k and m?
11
Suppose 13*z = 18*z + 40. Let s(o) = -o**3 - 5*o**2 - 10*o - 20. Let n be s(z). Let u = 381 - n. What is the highest common divisor of u and 86?
43
Let v(d) = -d**2 - 31*d + 918. Let r be v(18). Calculate the greatest common divisor of r and 972.
36
Let q(i) = i**3 + 28*i**2 + 146*i + 43. Let y be q(-21). Let u = -264 + 376. Calculate the greatest common factor of u and y.
16
Suppose 12*g + 2*m + 1288 = 14*g, -3*g - m = -1932. Calculate the highest common factor of 16 and g.
4
Let x be (-1 + (-1)/(-4))*-8. Suppose 2*l + x = 4*l. Let a be 6/(-33) + (-1240)/(-44) + -7. Calculate the greatest common divisor of l and a.
3
Let g = 7609 - 7565. What is the highest common factor of g and 4642?
22
Let r(i) = 22*i + 3. Suppose -1 = -6*c + 35. Let y be r(c). Let p = 4 + 11. Calculate the greatest common divisor of p and y.
15
Let i = 2399 - 2319. What is the highest common divisor of 760 and i?
40
Let b be (65 + 2)/(-5 + 26/5). Suppose 7 = -4*z + b. Calculate the highest common divisor of 656 and z.
82
Let n = -148 - -132. Let i = n + 336. What is the highest common factor of 64 and i?
64
Let l(u) = 29*u + 32*u**2 + u**3 - 52 + 24*u**2 - 35*u**2 + 7. Let n be l(-19). Calculate the greatest common factor of n and 84.
42
Let k(s) = -52*s + 37. Let q be k(-5). Let o = q - 288. Calculate the highest common factor of o and 33.
3
Let s = 215 + -112. Let z = 105 - s. Suppose z*x = 5*i - 270, 0 = -4*i - 5*x + 2*x + 239. Calculate the greatest common divisor of 14 and i.
14
Suppose -3*x - 1911 = -4*h, -2*h + 449 = -2*x - 503. What is the greatest common divisor of 713 and h?
23
Let z = -5168 - -5207. Let n = 2059 - 1435. Calculate the highest common factor of n and z.
39
Let o(a) = 3*a**3 - 7*a**2 - 59*a + 440. Let r be o(8). What is the highest common factor of r and 288?
96
Let a be (-21)/14 - (-3097)/38. What is the highest common factor of 345 and a?
5
Suppose 16*b - 120 = -8*b. Suppose b*r - r = -4*c, -4*c - 2*r = -6. Calculate the greatest common divisor of 17 and c.
1
Suppose -73*s + 252*s - 223213 = 0. Calculate the greatest common factor of 43 and s.
43
Let o = 76889 + -43891. What is the greatest common divisor of 14 and o?
14
Let j be -35*(-11)/(385/80). Calculate the greatest common divisor of j and 976.
16
Let h = -520 - -549. Suppose 652 + 334 = h*s. Calculate the highest common divisor of s and 374.
34
Suppose -2*w - 4*r = -1046, -4*w = -5*w + 4*r + 499. Let d = w + -277. Calculate the highest common divisor of 28 and d.
14
Suppose 19554 = 4*q - m, -4*q + 4*m + 4896 = -3*q. Suppose -154*x + q = -146*x. What is the highest common divisor of 13 and x?
13
Let y = 4 - -12. Let r be 28 - ((-287)/(-41) - 51). What is the greatest common factor of y and r?
8
Let u = -8 + 6. Suppose 4*k - 185 = -5*s, 55 = -40*k + 42*k - 5*s. Let c be ((-42)/15 - u)/((-4)/k). What is the highest common divisor of c an